{"id":2209,"date":"2023-02-27T18:23:35","date_gmt":"2023-02-27T21:23:35","guid":{"rendered":"https:\/\/brasirio.com.br\/?post_type=product&#038;p=2209"},"modified":"2023-03-07T20:13:38","modified_gmt":"2023-03-07T23:13:38","slug":"planmed-claritytm-s","status":"publish","type":"product","link":"https:\/\/brasirio.com.br\/index.php\/product\/planmed-claritytm-s\/","title":{"rendered":"Planmed Clarity\u2122 S"},"content":{"rendered":"<div class=\"v1mainArea\">\n<div class=\"v1ParagraphSet\">\n<div class=\"v1textSet v1txt v1txtL\">\n<div align=\"justify\">\n<p>Um companheiro confi\u00e1vel para suas necessidades di\u00e1rias de imagem da mama<\/p>\n<\/div>\n<\/div>\n<\/div>\n<div class=\"v1cf\">\n<div class=\"v1norotationmainimg v1imgsetC\"><img decoding=\"async\" src=\"https:\/\/www.shimadzu.com.br\/medica\/produtos\/mamografo\/images\/clarity_s\/image1.jpg\" \/><\/div>\n<\/div>\n<\/div>\n<div class=\"v1featuresArea\">\n<div class=\"v1ParagraphSet\">\n<div class=\"v1textSet v1txt v1txtL\">\n<div align=\"justify\">\n<p>Planmed Clarity \u2122 S \u00e9 a escolha ideal para um sistema de mamografia digital de baixo custo. A unidade pode lidar com as cargas de trabalho mais exigentes, desde exames di\u00e1rios at\u00e9 estudos de acompanhamento e bi\u00f3psias 2D. A tecnologia confi\u00e1vel da Planmed garante alto desempenho e resultados de qualidade.<\/p>\n<\/div>\n<\/div>\n<\/div>\n<div class=\"v1ImgSet v1wrap\">\n<div class=\"v1imgsetR\"><img decoding=\"async\" src=\"https:\/\/www.shimadzu.com.br\/medica\/produtos\/mamografo\/images\/clarity_s\/image2.jpg\" alt=\"Alta resolu\u00e7\u00e3o\" \/><\/div>\n<div class=\"v1ParagraphSet\">\n<h4 class=\"v1titStyle03\">Aparelho de Mamografia para qualquer necessidade cl\u00ednica<\/h4>\n<div class=\"v1textSet v1txt v1txtL\">\n<div align=\"justify\">\n<p>O Planmed Clarity S \u00e9 a escolha segura e econ\u00f4mica para exames de mamografia. Sua tecnologia avan\u00e7ada e solu\u00e7\u00f5es inteligentes permitem um fluxo de trabalho eficiente em centros de triagem movimentados, bem como em cl\u00ednicas menores.<\/p>\n<p>Gra\u00e7as ao design compacto, detector de Sil\u00edcio Amorfo (a-Si) dur\u00e1vel e alimenta\u00e7\u00e3o de energia monof\u00e1sica, a unidade tamb\u00e9m se adapta bem a condi\u00e7\u00f5es exigentes, como instala\u00e7\u00f5es m\u00f3veis.<\/p>\n<\/div>\n<\/div>\n<\/div>\n<\/div>\n<div class=\"v1ImgSet v1wrap\">\n<div class=\"v1imgsetR\"><img decoding=\"async\" src=\"https:\/\/www.shimadzu.com.br\/medica\/produtos\/mamografo\/images\/clarity_s\/image3.jpg\" alt=\"Alta resolu\u00e7\u00e3o\" \/><\/div>\n<div class=\"v1ParagraphSet\">\n<h4 class=\"v1titStyle03\">Ergonomia superior<\/h4>\n<div class=\"v1textSet v1txt v1txtL\">\n<div align=\"justify\">\n<p>O Planmed Clarity S vem com muitos dos recursos populares da fam\u00edlia de produtos Planmed Clarity\u2122. Recursos como o fluxo de trabalho OneTouch\u2122, guid\u00e3o estendido e protetor de queixo curvo aumentam o conforto da equipe e do paciente.<\/p>\n<p>A p\u00e1 se ajusta suavemente \u00e0 anatomia humana, reduzindo o desconforto do paciente durante o exame.<\/p>\n<p>A Esta\u00e7\u00e3o de Trabalho e Aquisi\u00e7\u00e3o inclui o software Planmed Clarity \u2122 Flow, que junto com os pedais de controles permite uma experi\u00eancia do usu\u00e1rio tranquila.<\/p>\n<\/div>\n<\/div>\n<\/div>\n<\/div>\n<\/div>\n","protected":false},"excerpt":{"rendered":"<p>Planmed Clarity \u2122 S \u00e9 a escolha ideal para um sistema de mamografia digital de baixo custo. A unidade pode lidar com as cargas de trabalho mais exigentes, desde exames di\u00e1rios at\u00e9 estudos de acompanhamento e bi\u00f3psias 2D. A tecnologia confi\u00e1vel da Planmed garante alto desempenho e resultados de qualidade.<\/p>\n","protected":false},"featured_media":2215,"template":"","meta":{"site-sidebar-layout":"default","site-content-layout":"default","ast-global-header-display":"","ast-main-header-display":"","ast-hfb-above-header-display":"","ast-hfb-below-header-display":"","ast-hfb-mobile-header-display":"","site-post-title":"","ast-breadcrumbs-content":"","ast-featured-img":"","footer-sml-layout":"","theme-transparent-header-meta":"default","adv-header-id-meta":"","stick-header-meta":"","header-above-stick-meta":"","header-main-stick-meta":"","header-below-stick-meta":""},"product_cat":[22,26],"product_tag":[],"_links":{"self":[{"href":"https:\/\/brasirio.com.br\/index.php\/wp-json\/wp\/v2\/product\/2209"}],"collection":[{"href":"https:\/\/brasirio.com.br\/index.php\/wp-json\/wp\/v2\/product"}],"about":[{"href":"https:\/\/brasirio.com.br\/index.php\/wp-json\/wp\/v2\/types\/product"}],"wp:featuredmedia":[{"embeddable":true,"href":"https:\/\/brasirio.com.br\/index.php\/wp-json\/wp\/v2\/media\/2215"}],"wp:attachment":[{"href":"https:\/\/brasirio.com.br\/index.php\/wp-json\/wp\/v2\/media?parent=2209"}],"wp:term":[{"taxonomy":"product_cat","embeddable":true,"href":"https:\/\/brasirio.com.br\/index.php\/wp-json\/wp\/v2\/product_cat?post=2209"},{"taxonomy":"product_tag","embeddable":true,"href":"https:\/\/brasirio.com.br\/index.php\/wp-json\/wp\/v2\/product_tag?post=2209"}],"curies":[{"name":"wp","href":"https:\/\/api.w.org\/{rel}","templated":true}]}}