{"id":2283,"date":"2023-03-09T09:13:21","date_gmt":"2023-03-09T12:13:21","guid":{"rendered":"https:\/\/brasirio.com.br\/?post_type=product&#038;p=2283"},"modified":"2023-03-09T09:13:21","modified_gmt":"2023-03-09T12:13:21","slug":"desfibrilador-monitor-s8","status":"publish","type":"product","link":"https:\/\/brasirio.com.br\/index.php\/product\/desfibrilador-monitor-s8\/","title":{"rendered":"DESFIBRILADOR \/ MONITOR S8"},"content":{"rendered":"<h4><strong>DESFIBRILADOR \/ MONITOR S8\u00a0<\/strong><\/h4>\n<p>O Desfibrilador S8 \u00e9 dotado dos modos de Desfibrila\u00e7\u00e3o (externa, interna e sincronizada), DEA (desfibrila\u00e7\u00e3o externa autom\u00e1tica), Marcapasso Externo Transcut\u00e2neo e Monitora\u00e7\u00e3o (ECG 3\/7\/12 Deriva\u00e7\u00f5es, \u2013 opcionais como SpO2, PNI, Temperatura, Press\u00e3o Invasiva, Capnografia), tornam o desfibrilador \/ monitor S8 da Comen Medical adequado tanto para o atendimento pr\u00e9-hospitalar quanto para o uso intra-hospitalar.<\/p>\n<p><strong><em><u>Especifica\u00e7\u00f5es T\u00e9cnicas:<\/u><\/em><\/strong><\/p>\n<ul>\n<li>Tamanho: 323mm \u00d7 277mm \u00d7 338mm.<\/li>\n<li>Peso: at\u00e9 7,2kg.<\/li>\n<li>Tela: 8,4\u201d TFT.<\/li>\n<li>Resolu\u00e7\u00e3o: 800 x 600 pixels.<\/li>\n<li>Formas de Onda: pelo menos 4 formas de ondas.<\/li>\n<\/ul>\n<p><strong><em><u>Alimenta\u00e7\u00e3o e Bateria:<\/u><\/em><\/strong><\/p>\n<ul>\n<li>Alimenta\u00e7\u00e3o: 100 a 240VAC, 50\/60Hz.<\/li>\n<li>Tipo de Bateria: L\u00edtio, recarreg\u00e1vel.<\/li>\n<li>Tempo para recarga de bateria: at\u00e9 6 horas.<\/li>\n<li>N\u00famero de bateria: 1 ou 2 baterias instaladas.<\/li>\n<li>Autonomia de bateria (cada bateria): at\u00e9 6 horas de monitora\u00e7\u00e3o; ou at\u00e9 210 choque a 360J; ou at\u00e9 4,5 horas de estimula\u00e7\u00e3o do marcapasso transcut\u00e2neo.<\/li>\n<\/ul>\n<p><strong><em><u>Armazenamento de Dados e Tend\u00eancias:<\/u><\/em><\/strong><\/p>\n<ul>\n<li>Eventos de alarmes: at\u00e9 200 grupos.<\/li>\n<li>N\u00famero de pacientes: at\u00e9 100 pacientes.<\/li>\n<li>Revis\u00e3o de formas de onda: at\u00e9 48 horas.<\/li>\n<li>PNI: at\u00e9 2000 grupos.<\/li>\n<li>Tend\u00eancia Gr\u00e1fica: at\u00e9 160 horas.<\/li>\n<li>Tend\u00eancia Tabular: at\u00e9 160 horas.<\/li>\n<li>Relat\u00f3rios de ECG: at\u00e9 500 registros de ECG 12 Deriva\u00e7\u00f5es.<\/li>\n<li>Registro de voz: at\u00e9 240 minutos (total); at\u00e9 60 minutos (para cada paciente).<\/li>\n<li>Marcador de Eventos: Sim.<\/li>\n<\/ul>\n<p><strong><em><u>Terapias El\u00e9tricas:<\/u><\/em><\/strong><\/p>\n<ul>\n<li>Desfibrila\u00e7\u00e3o.<\/li>\n<li>Modo de Opera\u00e7\u00e3o: Manual, Sincronizada (Cardiovers\u00e3o), DEA.<\/li>\n<li>Cardiovers\u00e3o Sincronizada: a transfer\u00eancia do choque \u00e9 iniciada dentro de 60ms do pico do segmento QRS.<\/li>\n<li>DEA (Desfibrila\u00e7\u00e3o Externa Autom\u00e1tica): configur\u00e1vel pelo usu\u00e1rio.<\/li>\n<li>S\u00e9rie de Choques DEA: configur\u00e1vel pelo usu\u00e1rio.<\/li>\n<li>Marcapasso Externo.<\/li>\n<\/ul>\n<p>Registro ANVISA: 80047300753<\/p>\n<div class=\"ast-oembed-container\" style=\"height: 100%;\"><iframe title=\"COMEN Defibrillator Monitor - S8\" width=\"500\" height=\"281\" src=\"https:\/\/www.youtube.com\/embed\/JFYpHBektrs?feature=oembed\" frameborder=\"0\" allow=\"accelerometer; autoplay; clipboard-write; encrypted-media; gyroscope; picture-in-picture; web-share\" allowfullscreen><\/iframe><\/div>\n","protected":false},"excerpt":{"rendered":"<h4><strong>DESFIBRILADOR \/ MONITOR S8\u00a0<\/strong><\/h4>\n<p>O Desfibrilador S8 \u00e9 dotado dos modos de Desfibrila\u00e7\u00e3o (externa, interna e sincronizada), DEA (desfibrila\u00e7\u00e3o externa autom\u00e1tica), Marcapasso Externo Transcut\u00e2neo e Monitora\u00e7\u00e3o (ECG 3\/7\/12 Deriva\u00e7\u00f5es, \u2013 opcionais como SpO2, PNI, Temperatura, Press\u00e3o Invasiva, Capnografia), tornam o desfibrilador \/ monitor S8 da Comen Medical adequado tanto para o atendimento pr\u00e9-hospitalar quanto para o uso intra-hospitalar.<\/p>\n","protected":false},"featured_media":2284,"template":"","meta":{"site-sidebar-layout":"default","site-content-layout":"default","ast-global-header-display":"","ast-main-header-display":"","ast-hfb-above-header-display":"","ast-hfb-below-header-display":"","ast-hfb-mobile-header-display":"","site-post-title":"","ast-breadcrumbs-content":"","ast-featured-img":"","footer-sml-layout":"","theme-transparent-header-meta":"default","adv-header-id-meta":"","stick-header-meta":"","header-above-stick-meta":"","header-main-stick-meta":"","header-below-stick-meta":""},"product_cat":[20,23],"product_tag":[],"_links":{"self":[{"href":"https:\/\/brasirio.com.br\/index.php\/wp-json\/wp\/v2\/product\/2283"}],"collection":[{"href":"https:\/\/brasirio.com.br\/index.php\/wp-json\/wp\/v2\/product"}],"about":[{"href":"https:\/\/brasirio.com.br\/index.php\/wp-json\/wp\/v2\/types\/product"}],"wp:featuredmedia":[{"embeddable":true,"href":"https:\/\/brasirio.com.br\/index.php\/wp-json\/wp\/v2\/media\/2284"}],"wp:attachment":[{"href":"https:\/\/brasirio.com.br\/index.php\/wp-json\/wp\/v2\/media?parent=2283"}],"wp:term":[{"taxonomy":"product_cat","embeddable":true,"href":"https:\/\/brasirio.com.br\/index.php\/wp-json\/wp\/v2\/product_cat?post=2283"},{"taxonomy":"product_tag","embeddable":true,"href":"https:\/\/brasirio.com.br\/index.php\/wp-json\/wp\/v2\/product_tag?post=2283"}],"curies":[{"name":"wp","href":"https:\/\/api.w.org\/{rel}","templated":true}]}}