{"id":2306,"date":"2023-04-17T20:03:52","date_gmt":"2023-04-17T23:03:52","guid":{"rendered":"https:\/\/brasirio.com.br\/?post_type=product&#038;p=2306"},"modified":"2023-04-17T20:05:27","modified_gmt":"2023-04-17T23:05:27","slug":"rc-200-cama-fawler-eletrica-dorso-pernas","status":"publish","type":"product","link":"https:\/\/brasirio.com.br\/index.php\/product\/rc-200-cama-fawler-eletrica-dorso-pernas\/","title":{"rendered":"RC 200 Cama Fawler El\u00e9trica Dorso Pernas"},"content":{"rendered":"<h2>Linha Bel\u00e9m<\/h2>\n<p><strong>Leito<\/strong><br \/>\nConfeccionado em chapa de a\u00e7o carbono perfurado, dotado de refor\u00e7o com estrutura tubular interna, dividido em quatro sec\u00e7\u00f5es e articulado.<\/p>\n<p><strong>Base<\/strong><br \/>\nConfeccionada em tubos de a\u00e7o carbono, parcialmente revestida com carenagem em material termopl\u00e1stico de alta resist\u00eancia a impactos.<\/p>\n<p><strong>Estrutura<br \/>\n<\/strong>Confeccionada em a\u00e7o carbono, dotado de para-choque nos quatro cantos da cama e mecanismo refor\u00e7ado para movimenta\u00e7\u00e3o e sustenta\u00e7\u00e3o do leito; Varia\u00e7\u00f5es opcionais: Estrutura com tubos retangulares, redondos, quadrados, oblongos e perfil U<\/p>\n<p><strong>Grades Laterais<\/strong><br \/>\nConfeccionada em material termopl\u00e1stico de alta resist\u00eancia injetado, com indicadores de \u00e2ngulo, sendo o conjunto formado por dois pares sendo um par com sistema de rota de fuga com articula\u00e7\u00e3o retr\u00e1til e independentes sustentadas por cilindros pneum\u00e1ticos com acionamento f\u00e1cil e r\u00e1pido por leve toque e press\u00e3o, facilitando a transfer\u00eancia e o acesso do paciente.<\/p>\n<p><strong>Cabeceira e Peseira<br \/>\n<\/strong>Confeccionada em material termopl\u00e1stico de alta resist\u00eancia injetado sendo remov\u00edveis, e com sistema de trava de seguran\u00e7a.<\/p>\n<p><strong>Movimentos<br \/>\n<\/strong>Obtidos atrav\u00e9s de motores el\u00e9tricos acionados atrav\u00e9s de controle remoto a fio, proporcionando os movimentos fawler, semi-fawler,<br \/>\ncabeceira, dorso, pernas, sentado, card\u00edaco, vascular, flex\u00e3o, eleva\u00e7\u00e3o e retorno simult\u00e2neo do dorso e pernas, descanso de pernas por cremalheiras.<\/p>\n<p><strong>Rod\u00edzios Girat\u00f3rios<br \/>\n<\/strong>Totalmente em material termopl\u00e1stico, com freio em diagonal; Varia\u00e7\u00f5es opcionais: 2\u201d,3\u201d,5\u201d,6\u201d,8\u201d,10\u201d e com freio em todas as rodas.<\/p>\n<p><strong>Acabamento<br \/>\n<\/strong>Em pintura eletrost\u00e1tica a p\u00f3 com anterior tratamento antiferruginoso, secagem em estufa.<\/p>\n<p><strong>Dimens\u00f5es<br \/>\n<\/strong>Internas: 1,96 x 0,88 x 0,65 m (C x L x A).<br \/>\nExternas: 2,10 x 0,98 x 0,65 m (C x L x A).<br \/>\nCapacidade: 180 kg. Opcional: 250Kg.<\/p>\n<p><strong>Caracter\u00edsticas El\u00e9tricas<br \/>\n<\/strong>Alimenta\u00e7\u00e3o El\u00e9trica Bivolt Autom\u00e1tico (100 \u2013 240 v)<br \/>\nClasse II<br \/>\nGrau de prote\u00e7\u00e3o de l\u00edquido IPX4\/ IP66<\/p>\n","protected":false},"excerpt":{"rendered":"<p>Confeccionada em a\u00e7o carbono, dotado de para-choque nos quatro cantos da cama e mecanismo refor\u00e7ado para movimenta\u00e7\u00e3o e sustenta\u00e7\u00e3o do leito; Varia\u00e7\u00f5es opcionais: Estrutura com tubos retangulares, redondos, quadrados, oblongos e perfil U<\/p>\n","protected":false},"featured_media":2307,"template":"","meta":{"site-sidebar-layout":"default","site-content-layout":"default","ast-global-header-display":"","ast-main-header-display":"","ast-hfb-above-header-display":"","ast-hfb-below-header-display":"","ast-hfb-mobile-header-display":"","site-post-title":"","ast-breadcrumbs-content":"","ast-featured-img":"","footer-sml-layout":"","theme-transparent-header-meta":"default","adv-header-id-meta":"","stick-header-meta":"","header-above-stick-meta":"","header-main-stick-meta":"","header-below-stick-meta":""},"product_cat":[37],"product_tag":[],"_links":{"self":[{"href":"https:\/\/brasirio.com.br\/index.php\/wp-json\/wp\/v2\/product\/2306"}],"collection":[{"href":"https:\/\/brasirio.com.br\/index.php\/wp-json\/wp\/v2\/product"}],"about":[{"href":"https:\/\/brasirio.com.br\/index.php\/wp-json\/wp\/v2\/types\/product"}],"wp:featuredmedia":[{"embeddable":true,"href":"https:\/\/brasirio.com.br\/index.php\/wp-json\/wp\/v2\/media\/2307"}],"wp:attachment":[{"href":"https:\/\/brasirio.com.br\/index.php\/wp-json\/wp\/v2\/media?parent=2306"}],"wp:term":[{"taxonomy":"product_cat","embeddable":true,"href":"https:\/\/brasirio.com.br\/index.php\/wp-json\/wp\/v2\/product_cat?post=2306"},{"taxonomy":"product_tag","embeddable":true,"href":"https:\/\/brasirio.com.br\/index.php\/wp-json\/wp\/v2\/product_tag?post=2306"}],"curies":[{"name":"wp","href":"https:\/\/api.w.org\/{rel}","templated":true}]}}