{"id":2310,"date":"2023-04-17T20:09:17","date_gmt":"2023-04-17T23:09:17","guid":{"rendered":"https:\/\/brasirio.com.br\/?post_type=product&#038;p=2310"},"modified":"2023-04-17T20:10:22","modified_gmt":"2023-04-17T23:10:22","slug":"rc-320-maca-com-elevacao-hidraulica-inox","status":"publish","type":"product","link":"https:\/\/brasirio.com.br\/index.php\/product\/rc-320-maca-com-elevacao-hidraulica-inox\/","title":{"rendered":"RC 320 Maca com Eleva\u00e7\u00e3o Hidr\u00e1ulica Inox"},"content":{"rendered":"<p><strong>Leito<\/strong><br \/>\nConfeccionado em chapa de a\u00e7o inoxid\u00e1vel, estruturado com tubo de a\u00e7o inoxid\u00e1vel, dorso com eleva\u00e7\u00e3o de altura atrav\u00e9s de cremalheira, para-choque para prote\u00e7\u00e3o de parede, suporte de soro e suporte de cilindro para oxig\u00eanio em a\u00e7o inoxid\u00e1vel.<\/p>\n<p><strong>Carro<\/strong><br \/>\nConfeccionado em tubo de a\u00e7o inoxid\u00e1vel, revestido com chapa de a\u00e7o inoxid\u00e1vel.<\/p>\n<p><strong>Coluna de Eleva\u00e7\u00e3o<\/strong><br \/>\nConfeccionada em chapa de a\u00e7o inoxid\u00e1vel.<\/p>\n<p><strong>Movimento de Eleva\u00e7\u00e3o<\/strong><br \/>\nComandos obtidos atrav\u00e9s de sistema hidr\u00e1ulico, acionados por pedais de ambos os lados.<\/p>\n<p><strong>Grades Laterais<\/strong><br \/>\nConfeccionadas em tubo de a\u00e7o inoxid\u00e1vel e travessa em tubo de a\u00e7o inoxid\u00e1vel.<\/p>\n<p><strong>Rod\u00edzios<\/strong><br \/>\nGirat\u00f3rios de \u00f8 6&#8243;, sendo 2 com freios em diagonal.<br \/>\nOpcional: 5\u00aa roda retr\u00e1tivel atrav\u00e9s de pedal ou fixa.<\/p>\n<p><strong>Dimens\u00f5es<\/strong><br \/>\nDimens\u00f5es Interna: 1,82 x 0,55m (C x A)<br \/>\nDimens\u00f5es Externa: 1,90 x 0,61m (C x L)<br \/>\nAltura Min: 0,63m e Max: 0,93m (A) (Dependendo do tamanho do rodizio as alturas sofrem altera\u00e7\u00f5es).<br \/>\nCapacidade:\u00a0220\u00a0Kg<\/p>\n","protected":false},"excerpt":{"rendered":"<p>Confeccionado em chapa de a\u00e7o inoxid\u00e1vel, estruturado com tubo de a\u00e7o inoxid\u00e1vel, dorso com eleva\u00e7\u00e3o de altura atrav\u00e9s de cremalheira, para-choque para prote\u00e7\u00e3o de parede, suporte de soro e suporte de cilindro para oxig\u00eanio em a\u00e7o inoxid\u00e1vel.<\/p>\n","protected":false},"featured_media":2311,"template":"","meta":{"site-sidebar-layout":"default","site-content-layout":"default","ast-global-header-display":"","ast-main-header-display":"","ast-hfb-above-header-display":"","ast-hfb-below-header-display":"","ast-hfb-mobile-header-display":"","site-post-title":"","ast-breadcrumbs-content":"","ast-featured-img":"","footer-sml-layout":"","theme-transparent-header-meta":"default","adv-header-id-meta":"","stick-header-meta":"","header-above-stick-meta":"","header-main-stick-meta":"","header-below-stick-meta":""},"product_cat":[64],"product_tag":[],"_links":{"self":[{"href":"https:\/\/brasirio.com.br\/index.php\/wp-json\/wp\/v2\/product\/2310"}],"collection":[{"href":"https:\/\/brasirio.com.br\/index.php\/wp-json\/wp\/v2\/product"}],"about":[{"href":"https:\/\/brasirio.com.br\/index.php\/wp-json\/wp\/v2\/types\/product"}],"wp:featuredmedia":[{"embeddable":true,"href":"https:\/\/brasirio.com.br\/index.php\/wp-json\/wp\/v2\/media\/2311"}],"wp:attachment":[{"href":"https:\/\/brasirio.com.br\/index.php\/wp-json\/wp\/v2\/media?parent=2310"}],"wp:term":[{"taxonomy":"product_cat","embeddable":true,"href":"https:\/\/brasirio.com.br\/index.php\/wp-json\/wp\/v2\/product_cat?post=2310"},{"taxonomy":"product_tag","embeddable":true,"href":"https:\/\/brasirio.com.br\/index.php\/wp-json\/wp\/v2\/product_tag?post=2310"}],"curies":[{"name":"wp","href":"https:\/\/api.w.org\/{rel}","templated":true}]}}